{"id":349,"date":"2022-05-10T12:20:11","date_gmt":"2022-05-10T12:20:11","guid":{"rendered":"https:\/\/vrarproject.eu\/?page_id=349"},"modified":"2022-12-05T15:25:22","modified_gmt":"2022-12-05T15:25:22","slug":"resultados-del-proyecto","status":"publish","type":"page","link":"https:\/\/vrarproject.eu\/es\/resultados-del-proyecto\/","title":{"rendered":"Resultados del proyecto"},"content":{"rendered":"[vc_section full_width=\u00bbstretch_row\u00bb pix_over_visibility=\u00bb\u00bb pix_visibility=\u00bb1&#8243; css=\u00bb.vc_custom_1592670486085{padding-top: 30px !important;padding-bottom: 30px !important;background-color: #ffffff !important;}\u00bb b_custom_height=\u00bb100px\u00bb][\/vc_section][vc_section full_width=\u00bbstretch_row\u00bb pix_over_visibility=\u00bb\u00bb pix_visibility=\u00bb1&#8243; css=\u00bb.vc_custom_1592670486085{padding-top: 30px !important;padding-bottom: 30px !important;background-color: #ffffff !important;}\u00bb b_custom_height=\u00bb100px\u00bb][vc_row][vc_column width=\u00bb1\/2&#8243;][vc_column_text]<strong>Resultado PR1<\/strong>\r\n\r\n<span style=\"text-decoration: underline;\"><a href=\"https:\/\/vrarproject.eu\/es\/guia-metodologica-para-el-empleo\/\">Marco metodol\u00f3gico y gu\u00eda para solicitantes de empleo y emprendedores en el \u00e1mbito de las tecnolog\u00edas de realidad virtual y aumentada<\/a><\/span>.[\/vc_column_text][\/vc_column][vc_column width=\u00bb1\/2&#8243;][vc_column_text]El PR1 tiene como objetivo desarrollar un marco metodol\u00f3gico para apoyar a los grupos destinatarios de los proyectos con el fin de presentarles las oportunidades de posicionarse en el mercado laboral o como emprendedores en el \u00e1mbito de las tecnolog\u00edas de RV y RA.\r\n\r\nEl marco servir\u00e1 para:\r\n<ul>\r\n \t<li>Describir el enfoque pedag\u00f3gico y la metodolog\u00eda de formaci\u00f3n.<\/li>\r\n \t<li>Explicar los temas, las metas y los objetivos del curso.<\/li>\r\n \t<li>Proporcionar una matriz\/conjunto metodol\u00f3gico en torno al cual se organizar\u00e1 e implementar\u00e1 el contenido educativo.<\/li>\r\n \t<li>Desarrollar las metodolog\u00edas de actuaci\u00f3n para la impartici\u00f3n de la experiencia formativa.<\/li>\r\n \t<li>Proponer las soluciones t\u00e9cnicas.<\/li>\r\n<\/ul>\r\n[\/vc_column_text][\/vc_column][\/vc_row][\/vc_section][vc_section full_width=\u00bbstretch_row\u00bb pix_over_visibility=\u00bb\u00bb pix_visibility=\u00bb1&#8243; css=\u00bb.vc_custom_1592670486085{padding-top: 30px !important;padding-bottom: 30px !important;background-color: #ffffff !important;}\u00bb b_custom_height=\u00bb100px\u00bb][vc_row][vc_column width=\u00bb1\/2&#8243;][vc_column_text]<strong>Resultado PR2<\/strong>\r\n\r\n<span style=\"text-decoration: underline;\"><a href=\"https:\/\/vrarproject.eu\/es\/manual-de-introduccion-a-la-realidad-virtual-y-aumentada\/\">Manual de introducci\u00f3n al \u00e1mbito de las tecnolog\u00edas de realidad virtual y aumentada<\/a><\/span>.[\/vc_column_text][\/vc_column][vc_column width=\u00bb1\/2&#8243;][vc_column_text]El manual del formador ser\u00e1 una gu\u00eda elaborada con dos objetivos:\r\n<ul>\r\n \t<li>El aspecto pedag\u00f3gico de la oferta de formaci\u00f3n para trabajar en entornos de RV y RA.<\/li>\r\n \t<li>Los aspectos t\u00e9cnicos de la oferta de formaci\u00f3n disponible en l\u00ednea y c\u00f3mo aprovechar mejor el material en l\u00ednea como plan de estudios.<\/li>\r\n<\/ul>\r\n[\/vc_column_text][\/vc_column][\/vc_row][\/vc_section][vc_section full_width=\u00bbstretch_row\u00bb pix_over_visibility=\u00bb\u00bb pix_visibility=\u00bb1&#8243; css=\u00bb.vc_custom_1592670486085{padding-top: 30px !important;padding-bottom: 30px !important;background-color: #ffffff !important;}\u00bb b_custom_height=\u00bb100px\u00bb][vc_row][vc_column width=\u00bb1\/2&#8243;][vc_column_text]<strong>Resultado PR3<\/strong>\r\n\r\n<span style=\"text-decoration: underline;\"><a href=\"https:\/\/vrarproject.eu\/es\/videos\/\">Videotutoriales para familiarizarse con la realidad virtual y aumentada<\/a><\/span>.[\/vc_column_text][\/vc_column][vc_column width=\u00bb1\/2&#8243;][vc_column_text]El principal resultado del PR3 son seminarios web con m\u00f3dulos de formaci\u00f3n mejorados gr\u00e1ficamente que ayudar\u00e1n a formar a solicitantes de empleo y a futuros empresarios.[\/vc_column_text][\/vc_column][\/vc_row][\/vc_section]","protected":false},"excerpt":{"rendered":"[vc_section full_width=\u00bbstretch_row\u00bb pix_over_visibility=\u00bb\u00bb pix_visibility=\u00bb1&#8243; css=\u00bb.vc_custom_1592670486085{padding-top: 30px !important;padding-bottom: 30px !important;background-color: #ffffff !important;}\u00bb b_custom_height=\u00bb100px\u00bb][\/vc_section][vc_section full_width=\u00bbstretch_row\u00bb pix_over_visibility=\u00bb\u00bb pix_visibility=\u00bb1&#8243; css=\u00bb.vc_custom_1592670486085{padding-top: 30px !important;padding-bottom: 30px !important;background-color: #ffffff !important;}\u00bb b_custom_height=\u00bb100px\u00bb][vc_row][vc_column width=\u00bb1\/2&#8243;][vc_column_text]Resultado PR1 Marco metodol\u00f3gico y gu\u00eda para solicitantes de empleo y emprendedores en el \u00e1mbito de las&#8230;","protected":false},"author":1,"featured_media":0,"parent":0,"menu_order":0,"comment_status":"closed","ping_status":"closed","template":"","meta":{"footnotes":""},"class_list":["post-349","page","type-page","status-publish","hentry"],"_links":{"self":[{"href":"https:\/\/vrarproject.eu\/es\/wp-json\/wp\/v2\/pages\/349","targetHints":{"allow":["GET"]}}],"collection":[{"href":"https:\/\/vrarproject.eu\/es\/wp-json\/wp\/v2\/pages"}],"about":[{"href":"https:\/\/vrarproject.eu\/es\/wp-json\/wp\/v2\/types\/page"}],"author":[{"embeddable":true,"href":"https:\/\/vrarproject.eu\/es\/wp-json\/wp\/v2\/users\/1"}],"replies":[{"embeddable":true,"href":"https:\/\/vrarproject.eu\/es\/wp-json\/wp\/v2\/comments?post=349"}],"version-history":[{"count":6,"href":"https:\/\/vrarproject.eu\/es\/wp-json\/wp\/v2\/pages\/349\/revisions"}],"predecessor-version":[{"id":701,"href":"https:\/\/vrarproject.eu\/es\/wp-json\/wp\/v2\/pages\/349\/revisions\/701"}],"wp:attachment":[{"href":"https:\/\/vrarproject.eu\/es\/wp-json\/wp\/v2\/media?parent=349"}],"curies":[{"name":"wp","href":"https:\/\/api.w.org\/{rel}","templated":true}]}}

[vc_section full_width=»stretch_row» pix_over_visibility=»» pix_visibility=»1&#8243; css=».vc_custom_1592670486085{padding-top: 30px !important;padding-bottom: 30px !important;background-color: #ffffff !important;}» b_custom_height=»100px»][/vc_section][vc_section full_width=»stretch_row» pix_over_visibility=»» pix_visibility=»1&#8243; css=».vc_custom_1592670486085{padding-top: 30px !important;padding-bottom: 30px !important;background-color: #ffffff !important;}» b_custom_height=»100px»][vc_row][vc_column width=»1/2&#8243;][vc_column_text]<strong>Resultado PR1</strong>

<span style="text-decoration: underline;"><a href="https://vrarproject.eu/es/guia-metodologica-para-el-empleo/">Marco metodológico y guía para solicitantes de empleo y emprendedores en el ámbito de las tecnologías de realidad virtual y aumentada</a></span>.[/vc_column_text][/vc_column][vc_column width=»1/2&#8243;][vc_column_text]El PR1 tiene como objetivo desarrollar un marco metodológico para apoyar a los grupos destinatarios de los proyectos con el fin de presentarles las oportunidades de posicionarse en el mercado laboral o como emprendedores en el ámbito de las tecnologías de RV y RA.

El marco servirá para:
<ul>
 	<li>Describir el enfoque pedagógico y la metodología de formación.</li>
 	<li>Explicar los temas, las metas y los objetivos del curso.</li>
 	<li>Proporcionar una matriz/conjunto metodológico en torno al cual se organizará e implementará el contenido educativo.</li>
 	<li>Desarrollar las metodologías de actuación para la impartición de la experiencia formativa.</li>
 	<li>Proponer las soluciones técnicas.</li>
</ul>
[/vc_column_text][/vc_column][/vc_row][/vc_section][vc_section full_width=»stretch_row» pix_over_visibility=»» pix_visibility=»1&#8243; css=».vc_custom_1592670486085{padding-top: 30px !important;padding-bottom: 30px !important;background-color: #ffffff !important;}» b_custom_height=»100px»][vc_row][vc_column width=»1/2&#8243;][vc_column_text]<strong>Resultado PR2</strong>

<span style="text-decoration: underline;"><a href="https://vrarproject.eu/es/manual-de-introduccion-a-la-realidad-virtual-y-aumentada/">Manual de introducción al ámbito de las tecnologías de realidad virtual y aumentada</a></span>.[/vc_column_text][/vc_column][vc_column width=»1/2&#8243;][vc_column_text]El manual del formador será una guía elaborada con dos objetivos:
<ul>
 	<li>El aspecto pedagógico de la oferta de formación para trabajar en entornos de RV y RA.</li>
 	<li>Los aspectos técnicos de la oferta de formación disponible en línea y cómo aprovechar mejor el material en línea como plan de estudios.</li>
</ul>
[/vc_column_text][/vc_column][/vc_row][/vc_section][vc_section full_width=»stretch_row» pix_over_visibility=»» pix_visibility=»1&#8243; css=».vc_custom_1592670486085{padding-top: 30px !important;padding-bottom: 30px !important;background-color: #ffffff !important;}» b_custom_height=»100px»][vc_row][vc_column width=»1/2&#8243;][vc_column_text]<strong>Resultado PR3</strong>

<span style="text-decoration: underline;"><a href="https://vrarproject.eu/es/videos/">Videotutoriales para familiarizarse con la realidad virtual y aumentada</a></span>.[/vc_column_text][/vc_column][vc_column width=»1/2&#8243;][vc_column_text]El principal resultado del PR3 son seminarios web con módulos de formación mejorados gráficamente que ayudarán a formar a solicitantes de empleo y a futuros empresarios.[/vc_column_text][/vc_column][/vc_row][/vc_section]

[vc_section full_width=»stretch_row» pix_over_visibility=»» pix_visibility=»1&#8243; css=».vc_custom_1592670486085{padding-top: 30px !important;padding-bottom: 30px !important;background-color: #ffffff !important;}» b_custom_height=»100px»][/vc_section][vc_section full_width=»stretch_row» pix_over_visibility=»» pix_visibility=»1&#8243; css=».vc_custom_1592670486085{padding-top: 30px !important;padding-bottom: 30px !important;background-color: #ffffff !important;}» b_custom_height=»100px»][vc_row][vc_column width=»1/2&#8243;][vc_column_text]Resultado PR1 Marco metodológico y guía para solicitantes de empleo y emprendedores en el ámbito de las&#8230;
